{"id":11186,"date":"2025-08-29T08:18:40","date_gmt":"2025-08-29T06:18:40","guid":{"rendered":"https:\/\/grafmail-varehotell.no\/pensjonistforbundet\/?p=11186"},"modified":"2026-04-30T09:28:33","modified_gmt":"2026-04-30T07:28:33","slug":"opplaeringshefte-kom-i-gang-med-facebook-pakke-med-20-stk-bokmal","status":"publish","type":"product","link":"https:\/\/grafmail-varehotell.no\/pensjonistforbundet\/produkt\/opplaeringshefte-kom-i-gang-med-facebook-pakke-med-20-stk-bokmal\/","title":{"rendered":"Oppl\u00e6ringshefte Kom i gang med Facebook-pakke med 20 stk. bokm\u00e5l."},"content":{"rendered":"<p>Oppl\u00e6ringshefte Kom i gang med Facebook-pakke med 20 stk. bokm\u00e5l.<\/p>\n","protected":false},"excerpt":{"rendered":"<p>Oppl\u00e6ringshefte Kom i gang med Facebook-pakke med 20 stk. bokm\u00e5l.<\/p>\n","protected":false},"featured_media":12620,"template":"","meta":[],"product_brand":[],"product_cat":[56],"product_tag":[],"class_list":{"0":"post-11186","1":"product","2":"type-product","3":"status-publish","4":"has-post-thumbnail","6":"product_cat-tema-og-debatthefter","7":"product_shipping_class-standard_w30_l45_h30_k20","9":"first","10":"instock","11":"shipping-taxable","12":"purchasable","13":"product-type-simple"},"_links":{"self":[{"href":"https:\/\/grafmail-varehotell.no\/pensjonistforbundet\/wp-json\/wp\/v2\/product\/11186","targetHints":{"allow":["GET"]}}],"collection":[{"href":"https:\/\/grafmail-varehotell.no\/pensjonistforbundet\/wp-json\/wp\/v2\/product"}],"about":[{"href":"https:\/\/grafmail-varehotell.no\/pensjonistforbundet\/wp-json\/wp\/v2\/types\/product"}],"wp:featuredmedia":[{"embeddable":true,"href":"https:\/\/grafmail-varehotell.no\/pensjonistforbundet\/wp-json\/wp\/v2\/media\/12620"}],"wp:attachment":[{"href":"https:\/\/grafmail-varehotell.no\/pensjonistforbundet\/wp-json\/wp\/v2\/media?parent=11186"}],"wp:term":[{"taxonomy":"product_brand","embeddable":true,"href":"https:\/\/grafmail-varehotell.no\/pensjonistforbundet\/wp-json\/wp\/v2\/product_brand?post=11186"},{"taxonomy":"product_cat","embeddable":true,"href":"https:\/\/grafmail-varehotell.no\/pensjonistforbundet\/wp-json\/wp\/v2\/product_cat?post=11186"},{"taxonomy":"product_tag","embeddable":true,"href":"https:\/\/grafmail-varehotell.no\/pensjonistforbundet\/wp-json\/wp\/v2\/product_tag?post=11186"}],"curies":[{"name":"wp","href":"https:\/\/api.w.org\/{rel}","templated":true}]}}