{"id":1570,"date":"2021-03-27T10:35:32","date_gmt":"2021-03-27T09:35:32","guid":{"rendered":"https:\/\/grafmail-varehotell.no\/pensjonistforbundet\/2021\/03\/27\/beachflagg-m-kryssfot-og-vann-bag\/"},"modified":"2026-05-04T13:53:59","modified_gmt":"2026-05-04T11:53:59","slug":"beachflagg-m-kryssfot-og-vann-bag","status":"publish","type":"product","link":"https:\/\/grafmail-varehotell.no\/pensjonistforbundet\/produkt\/beachflagg-m-kryssfot-og-vann-bag\/","title":{"rendered":"Beachflagg m\/kryssfot og vannpose"},"content":{"rendered":"<p>Beachflagg m\/kryssfot og vannpose. Vannposen fyller du for \u00e5 gi \u00f8kt vekt og stabilitet p\u00e5 kryssfoten til beachflagget. <\/p>\n","protected":false},"excerpt":{"rendered":"<p>Beachflagg m\/kryssfot og vannpose. Vannposen fyller du for \u00e5 gi \u00f8kt vekt og stabilitet p\u00e5 kryssfoten til beachflagget.<\/p>\n","protected":false},"featured_media":12391,"template":"","meta":[],"product_brand":[],"product_cat":[50],"product_tag":[],"class_list":{"0":"post-1570","1":"product","2":"type-product","3":"status-publish","4":"has-post-thumbnail","6":"product_cat-roll-up-flagg-og-bannere","7":"product_shipping_class-unntak_328_max3","9":"first","10":"instock","11":"shipping-taxable","12":"purchasable","13":"product-type-simple"},"_links":{"self":[{"href":"https:\/\/grafmail-varehotell.no\/pensjonistforbundet\/wp-json\/wp\/v2\/product\/1570","targetHints":{"allow":["GET"]}}],"collection":[{"href":"https:\/\/grafmail-varehotell.no\/pensjonistforbundet\/wp-json\/wp\/v2\/product"}],"about":[{"href":"https:\/\/grafmail-varehotell.no\/pensjonistforbundet\/wp-json\/wp\/v2\/types\/product"}],"wp:featuredmedia":[{"embeddable":true,"href":"https:\/\/grafmail-varehotell.no\/pensjonistforbundet\/wp-json\/wp\/v2\/media\/12391"}],"wp:attachment":[{"href":"https:\/\/grafmail-varehotell.no\/pensjonistforbundet\/wp-json\/wp\/v2\/media?parent=1570"}],"wp:term":[{"taxonomy":"product_brand","embeddable":true,"href":"https:\/\/grafmail-varehotell.no\/pensjonistforbundet\/wp-json\/wp\/v2\/product_brand?post=1570"},{"taxonomy":"product_cat","embeddable":true,"href":"https:\/\/grafmail-varehotell.no\/pensjonistforbundet\/wp-json\/wp\/v2\/product_cat?post=1570"},{"taxonomy":"product_tag","embeddable":true,"href":"https:\/\/grafmail-varehotell.no\/pensjonistforbundet\/wp-json\/wp\/v2\/product_tag?post=1570"}],"curies":[{"name":"wp","href":"https:\/\/api.w.org\/{rel}","templated":true}]}}