{"id":7648,"date":"2024-04-06T12:09:01","date_gmt":"2024-04-06T10:09:01","guid":{"rendered":"https:\/\/grafmail-varehotell.no\/pensjonistforbundet\/?p=7648"},"modified":"2026-04-30T09:28:30","modified_gmt":"2026-04-30T07:28:30","slug":"tryggleik-for-tenester-pakke-med-10-stk-nynorsk","status":"publish","type":"product","link":"https:\/\/grafmail-varehotell.no\/pensjonistforbundet\/produkt\/tryggleik-for-tenester-pakke-med-10-stk-nynorsk\/","title":{"rendered":"Tryggleik for tenester, pakke med 10 stk., nynorsk"},"content":{"rendered":"<p>Temahefte om retninger og anbefalinger som b\u00f8r f\u00f8lges for \u00e5 sikre at eldre mottar helsetjenester av h\u00f8y kvalitet som m\u00f8ter deres behov. Kommer i pakker p\u00e5 10 stk.<\/p>\n","protected":false},"excerpt":{"rendered":"<p>Temahefte om retninger og anbefalinger som b\u00f8r f\u00f8lges for \u00e5 sikre at eldre mottar helsetjenester av h\u00f8y kvalitet som m\u00f8ter deres behov. Kommer i pakker p\u00e5 10 stk.<\/p>\n","protected":false},"featured_media":12308,"template":"","meta":[],"product_brand":[],"product_cat":[56],"product_tag":[],"class_list":{"0":"post-7648","1":"product","2":"type-product","3":"status-publish","4":"has-post-thumbnail","6":"product_cat-tema-og-debatthefter","7":"product_shipping_class-standard_w30_l45_h30_k20","9":"first","10":"instock","11":"shipping-taxable","12":"purchasable","13":"product-type-simple"},"_links":{"self":[{"href":"https:\/\/grafmail-varehotell.no\/pensjonistforbundet\/wp-json\/wp\/v2\/product\/7648","targetHints":{"allow":["GET"]}}],"collection":[{"href":"https:\/\/grafmail-varehotell.no\/pensjonistforbundet\/wp-json\/wp\/v2\/product"}],"about":[{"href":"https:\/\/grafmail-varehotell.no\/pensjonistforbundet\/wp-json\/wp\/v2\/types\/product"}],"wp:featuredmedia":[{"embeddable":true,"href":"https:\/\/grafmail-varehotell.no\/pensjonistforbundet\/wp-json\/wp\/v2\/media\/12308"}],"wp:attachment":[{"href":"https:\/\/grafmail-varehotell.no\/pensjonistforbundet\/wp-json\/wp\/v2\/media?parent=7648"}],"wp:term":[{"taxonomy":"product_brand","embeddable":true,"href":"https:\/\/grafmail-varehotell.no\/pensjonistforbundet\/wp-json\/wp\/v2\/product_brand?post=7648"},{"taxonomy":"product_cat","embeddable":true,"href":"https:\/\/grafmail-varehotell.no\/pensjonistforbundet\/wp-json\/wp\/v2\/product_cat?post=7648"},{"taxonomy":"product_tag","embeddable":true,"href":"https:\/\/grafmail-varehotell.no\/pensjonistforbundet\/wp-json\/wp\/v2\/product_tag?post=7648"}],"curies":[{"name":"wp","href":"https:\/\/api.w.org\/{rel}","templated":true}]}}