{"id":8279,"date":"2024-07-01T16:40:11","date_gmt":"2024-07-01T14:40:11","guid":{"rendered":"https:\/\/grafmail-varehotell.no\/pensjonistforbundet\/?p=8279"},"modified":"2026-04-30T09:28:31","modified_gmt":"2026-04-30T07:28:31","slug":"digital-opplaering-nynorsk","status":"publish","type":"product","link":"https:\/\/grafmail-varehotell.no\/pensjonistforbundet\/produkt\/digital-opplaering-nynorsk\/","title":{"rendered":"Digital oppl\u00e6ring, nynorsk"},"content":{"rendered":"<p>Standardisert pakke med oppl\u00e6ringsmateriell til bruk ved digital nybegynneroppl\u00e6ring. Noen tips til hva enstemmig forskning &#8211; og Pfs erfaring &#8211; sier om metoder for digital oppl\u00e6ring av eldre, ligger vedlagt. Det samme gj\u00f8r kontaktinformasjon til prosjektleder.   Pakken inneholder ellers:\u202225 stk. oppl\u00e6ringshefte \u00abDigital kommunikasjon\u00bb, nynorsk, A4-format\u202225 stk. oppl\u00e6ringshefte \u00abKom i gang med facebook\u00bb, bokm\u00e5l, A4-format\u202210 stk. oppl\u00e6ringshefte \u00abDigital kontor\u00bb, nynorsk, A4-format\u202225 penner m\/gummiknott til hjelp for \u00e5 trykke p\u00e5 sm\u00e5 skjermer\u202212 blokker som deles i to, A5-format\u2022100 visittkort til \u00abSmarttelefonen\u00bb  <\/p>\n","protected":false},"excerpt":{"rendered":"<p>Standardisert pakke med oppl\u00e6ringsmateriell til bruk ved digital nybegynneroppl\u00e6ring. Noen tips til hva enstemmig forskning &#8211; og Pfs erfaring &#8211; sier om metoder for digital oppl\u00e6ring av eldre, ligger vedlagt. Det samme gj\u00f8r kontaktinformasjon til prosjektleder. Pakken inneholder ellers:\u202225 stk. oppl\u00e6ringshefte \u00abDigital kommunikasjon\u00bb, nynorsk, A4-format\u202225 stk. oppl\u00e6ringshefte \u00abKom i gang med facebook\u00bb, bokm\u00e5l, A4-format\u202210 stk. [&#8230;]\n","protected":false},"featured_media":12564,"template":"","meta":[],"product_brand":[],"product_cat":[56],"product_tag":[],"class_list":{"0":"post-8279","1":"product","2":"type-product","3":"status-publish","4":"has-post-thumbnail","6":"product_cat-tema-og-debatthefter","7":"product_shipping_class-standard_w30_l45_h30_k20","9":"first","10":"instock","11":"shipping-taxable","12":"purchasable","13":"product-type-simple"},"_links":{"self":[{"href":"https:\/\/grafmail-varehotell.no\/pensjonistforbundet\/wp-json\/wp\/v2\/product\/8279","targetHints":{"allow":["GET"]}}],"collection":[{"href":"https:\/\/grafmail-varehotell.no\/pensjonistforbundet\/wp-json\/wp\/v2\/product"}],"about":[{"href":"https:\/\/grafmail-varehotell.no\/pensjonistforbundet\/wp-json\/wp\/v2\/types\/product"}],"wp:featuredmedia":[{"embeddable":true,"href":"https:\/\/grafmail-varehotell.no\/pensjonistforbundet\/wp-json\/wp\/v2\/media\/12564"}],"wp:attachment":[{"href":"https:\/\/grafmail-varehotell.no\/pensjonistforbundet\/wp-json\/wp\/v2\/media?parent=8279"}],"wp:term":[{"taxonomy":"product_brand","embeddable":true,"href":"https:\/\/grafmail-varehotell.no\/pensjonistforbundet\/wp-json\/wp\/v2\/product_brand?post=8279"},{"taxonomy":"product_cat","embeddable":true,"href":"https:\/\/grafmail-varehotell.no\/pensjonistforbundet\/wp-json\/wp\/v2\/product_cat?post=8279"},{"taxonomy":"product_tag","embeddable":true,"href":"https:\/\/grafmail-varehotell.no\/pensjonistforbundet\/wp-json\/wp\/v2\/product_tag?post=8279"}],"curies":[{"name":"wp","href":"https:\/\/api.w.org\/{rel}","templated":true}]}}

Digital opplæring, nynorsk

<p>Standardisert pakke med opplæringsmateriell til bruk ved digital nybegynneropplæring. Noen tips til hva enstemmig forskning &#8211; og Pfs erfaring &#8211; sier om metoder for digital opplæring av eldre, ligger vedlagt. Det samme gjør kontaktinformasjon til prosjektleder.   Pakken inneholder ellers:•25 stk. opplæringshefte «Digital kommunikasjon», nynorsk, A4-format•25 stk. opplæringshefte «Kom i gang med facebook», bokmål, A4-format•10 stk. opplæringshefte «Digital kontor», nynorsk, A4-format•25 penner m/gummiknott til hjelp for å trykke på små skjermer•12 blokker som deles i to, A5-format•100 visittkort til «Smarttelefonen»  </p>

<p>Standardisert pakke med opplæringsmateriell til bruk ved digital nybegynneropplæring. Noen tips til hva enstemmig forskning &#8211; og Pfs erfaring &#8211; sier om metoder for digital opplæring av eldre, ligger vedlagt. Det samme gjør kontaktinformasjon til prosjektleder. Pakken inneholder ellers:•25 stk. opplæringshefte «Digital kommunikasjon», nynorsk, A4-format•25 stk. opplæringshefte «Kom i gang med facebook», bokmål, A4-format•10 stk. [&#8230;]
